s 100 - -10101100010001?
10101100010101
In base 9, what is -3118 + -58?
-3177
In base 15, what is 136 + 661?
797
In base 4, what is 221 - -2001?
2222
In base 8, what is -13706143 - -4?
-13706137
In base 3, what is 201020010 - 21?
201012212
In base 11, what is -5 - -11257?
11252
In base 12, what is 1a - -6065?
6083
In base 7, what is 0 - -10126014?
10126014
In base 4, what is 32 - 11133?
-11101
In base 11, what is 27811 + 14?
27825
In base 8, what is 1653 + 332?
2205
In base 13, what is 148a88 + -2?
148a86
In base 3, what is 12112222121001 + -2?
12112222120222
In base 10, what is -13 - 5921?
-5934
In base 6, what is -343220 + 310?
-342510
In base 16, what is -495ffc - 2?
-495ffe
In base 9, what is 255 + 645?
1011
In base 2, what is -1000000000 + -1111?
-1000001111
In base 8, what is 32 - -173516?
173550
In base 8, what is 17221 - 0?
17221
In base 14, what is 55 - -11d?
174
In base 13, what is 262 + -1c?
243
In base 5, what is 24403 - 1401?
23002
In base 10, what is -2 - 16853?
-16855
In base 9, what is 0 - 12317?
-12317
In base 4, what is -31221132 - -1?
-31221131
In base 13, what is -2495a - 3?
-24960
In base 4, what is 3021 + 3213?
12300
In base 15, what is 1 + -1ab9?
-1ab8
In base 8, what is 141030 + -1?
141027
In base 13, what is -6c - 66?
-105
In base 10, what is 716 + 1743?
2459
In base 12, what is -190 + 408b?
3abb
In base 12, what is 4b8051 - -1?
4b8052
In base 12, what is 0 + -6710?
-6710
In base 13, what is 0 + -94a0?
-94a0
In base 11, what is 3357 - -1?
3358
In base 8, what is -106 + -20707?
-21015
In base 8, what is 4 - -4277460?
4277464
In base 4, what is 131130 + 21?
131211
In base 5, what is 331 - 204121?
-203240
In base 13, what is -300 - -71b?
41b
In base 8, what is -34423 - -5?
-34416
In base 2, what is -1011000110111 + 1100100?
-1010111010011
In base 4, what is 103023123 - -2?
103023131
In base 8, what is -2 + -6063?
-6065
In base 6, what is 45514 + -11?
45503
In base 6, what is 4 - 2102433?
-2102425
In base 11, what is -3 - -724515?
724512
In base 10, what is 53048 + -4?
53044
In base 10, what is 818 - -5?
823
In base 16, what is -155 - d5b?
-eb0
In base 5, what is 10 - -103010333?
103010343
In base 10, what is -1119 - 7?
-1126
In base 9, what is 35564 - -30?
35604
In base 5, what is -44310 + 1020?
-43240
In base 16, what is -2 + 2f0e?
2f0c
In base 7, what is 136 + -133545?
-133406
In base 16, what is -88643 - 5?
-88648
In base 12, what is -174 - -501?
349
In base 6, what is 10122 + -1312?
4410
In base 16, what is 3 + 163c?
163f
In base 6, what is -231 + 15353?
15122
In base 15, what is 388 - 362?
26
In base 9, what is 12860 - 1?
12858
In base 14, what is 864 + -6c?
7d6
In base 16, what is -751a + -30?
-754a
In base 15, what is b + -20ee?
-20e3
In base 10, what is -3868 - 17?
-3885
In base 7, what is -6635 + -4?
-6642
In base 5, what is 12422 - -103?
13030
In base 13, what is -2445 + -1?
-2446
In base 14, what is 324 - 1d?
305
In base 14, what is -1c5d - 3d3?
-2252
In base 7, what is -4 + 220426?
220422
In base 14, what is -14 - -451d?
4509
In base 5, what is -1134 - -42?
-1042
In base 10, what is -622 - 4?
-626
In base 6, what is -20332102 + -4?
-20332110
In base 16, what is -197 - 21a?
-3b1
In base 9, what is 0 - -380214?
380214
In base 3, what is -11002000 + 22012?
-10202211
In base 13, what is -18b4b + -a2?
-18c20
In base 16, what is 2c0b5 - -7?
2c0bc
In base 16, what is 8 + -bda?
-bd2
In base 8, what is 5156 - 55?
5101
In base 12, what is 3 + 30364?
30367
In base 12, what is 11b - 15234?
-15115
In base 15, what is -655 + -a1?
-706
In base 6, what is 154 - -324?
522
In base 7, what is -1411 - -56?
-1322
In base 15, what is -3d - -322?
2d4
In base 8, what is -3074 - -65?
-3007
In base 2, what is 110001 - 100001100100000?
-100001011101111
In base 4, what is -113313 + 111?
-113202
In base 15, what is 1810 + -5?
180a
In base 6, what is -354 + -143155?
-143553
In base 5, what is 141023 + 20?
141043
In base 2, what is 10000111111100110001 - -1?
10000111111100110010
In base 3, what is -21120 + -2002202?
-2101022
In base 10, what is -4 - 313449?
-313453
In base 12, what is -abb6 - -17?
-ab9b
In base 11, what is 1a6a - -7?
1a76
In base 8, what is 2 + 121011?
121013
In base 7, what is 330421 - -3?
330424
In base 12, what is -b561 - -3?
-b55a
In base 13, what is -12b37a - c?
-12b389
In base 8, what is -112301 + -1?
-112302
In base 12, what is 196767 - -1?
196768
In base 13, what is -21b09 + -40?
-21b49
In base 3, what is 2101 + -1201010?
-1121202
In base 2, what is -100011111 + -1101110011100?
-1110010111011
In base 7, what is 431 + -130?
301
In base 14, what is 0 - 5dd?
-5dd
In base 2, what is 101000010001111110 - 1?
101000010001111101
In base 15, what is -d22a8 - 4?
-d22ac
In base 7, what is -10 + 10462?
10452
In base 13, what is 5c + 398?
427
In base 12, what is -1a70 - -1?
-1a6b
In base 5, what is -304102201 - 0?
-304102201
In base 9, what is 0 - 14011?
-14011
In base 11, what is 2906 + 13?
2919
In base 14, what is 28 - -5dcd?
6017
In base 14, what is 0 + -475a?
-475a
In base 13, what is 52 - 4037?
-3cb5
In base 9, what is 11055 - -6?
11062
In base 2, what is 1100 - 100100110111110?
-100100110110010
In base 9, what is -63028 - 4?
-63033
In base 14, what is -92 - 515?
-5a7
In base 2, what is 101000111001 + -101?
101000110100
In base 14, what is -4 - -90570?
9056a
In base 15, what is 6275 + -3?
6272
In base 7, what is -3361121 - -5?
-3361113
In base 8, what is -4010 + -465?
-4475
In base 4, what is 1123 + -201?
322
In base 14, what is -35cd + 5a?
-3573
In base 12, what is b + -7a25?
-7a16
In base 16, what is a2e91 + -1?
a2e90
In base 4, what is -13103 + 321?
-12122
In base 16, what is -3 - 8052?
-8055
In base 13, what is 21c6 + 20?
2216
In base 16, what is -1b58 - 7?
-1b5f
In base 11, what is -236321 + -3?
-236324
In base 12, what is -3 - 300755?
-300758
In base 11, what is -10520 + 404?
-10117
In base 13, what is -3 + c1978?
c1975
In base 3, what is 12 + 10001100121?
10001100210
In base 11, what is 16507 - 3?
16504
In base 15, what is -165a + -2c?
-1687
In base 16, what is 4bba - -1f?
4bd9
In base 10, what is -73 + 18?
-55
In base 7, what is -52310 + -5?
-52315
In base 8, what is -522 + 1735?
1213
In base 5, what is 24 + 21021?
21100
In base 12, what is -5 - 428a42?
-428a47
In base 6, what is -4515103 - -4?
-4515055
In base 15, what is -1783 - 7?
-178a
In base 12, what is 5 + 43067a?
430683
In base 15, what is 0 - 712d4?
-712d4
In base 4, what is -13200011 + 111?
-13133300
In base 6, what is 15 - -31043?
31102
In base 13, what is -16c + -a3?
-242
In base 4, what is -2002 + 30?
-1312
In base 2, what is -11 - -11010011010001000010?
11010011010000111111
In base 3, what is 2011102220 - 12?
2011102201
In base 9, what is -61887 - 0?
-61887
In base 3, what is 1002210 + 11?
1002221
In base 16, what is 3 - -15e2?
15e5
In base 13, what is -3b6 + -c94?
-137a
In base 15, what is -c + 1c1a?
1c0d
In base 3, what is -102120 + 12002?
-20111
In base 11, what is 0 + -8740a8?
-8740a8
In base 6, what is -412 - 203?
-1015
In base 2, what is 11 + 100010011000110?
100010011001001
In base 13, what is 1934a7 - 5?
1934a2
In base 8, what is 41 - -2560?
2621
In base 10, what is -1087 - -275?
-812
In base 13, what is -13ca - -c?
-13bb
In base 12, what is -22b187 + -4?
-22b18b
In base 13, what is -24bb + -5ca?
-2ab8
In base 11, what is -43a6 - -21?
-4385
In base 2, what is 10 - -100110000011000110?
100110000011001000
In base 5, what is 11231 - 311?
10420
In base 15, what is 110 - 71?
8e
In base 15, what is 25e7e - 2?
25e7c
In base 10, what is 81 - -248?
329
In base 10, what is -1 - -21863?
21862
In base 11, what is 5 + a249?
a253
In base 14, what is 3 - -2bdc96?
2bdc99
In base 2, what is 1001101 - -10011100110111?
10011110000100
In base 10, what is 24 - -85341?
85365
In base 2, what is -101111011000111001010 + 0?
-101111011000111001010
In base 8, what is 4 + -54134?
-54130
In base 8, what is 1 - 15274?
-15273
In base 7, what is 143352 + -4?
143345
In base 9, what is 4085 - -13?
4108
In base 3, what is -11 - 120201221?
-120202002
In base 12, what is b23 + 4?
b27
In base 6, what is 245152 - -12?
245204
In base 8, what is -616537 - -4?
-616533
In base 9, what is -5217 - 337?
-5555
In base 16, what is 1561 + -67?
14fa
In base 13, what is -3 + 64c7?
64c4
In 